False
Let s(l) = 3*l + 11. Let x(j) = -1. Let f(o) = -s(o) + 3*x(o). Let t be f(-5). Is ((-16773)/(-7) - t) + 9/(-63) a composite number?
True
Let w = 35 + -35. Suppose w*k - 3 = 3*k. Is k*(-4)/(-20) - (-2586)/5 a prime number?
False
Let u = 48876 + 231533. Is u composite?
False
Suppose r = 2*v - 2930 - 31156, -4*r = 5*v - 85189. Suppose -112691 + v = -10*d. Is d a composite number?
True
Suppose 77*p - 3*w + 466305 = 80*p, -p + 2*w = -155441. Is p a prime number?
False
Let q(i) = 40100*i**2 - 14*i - 13. Is q(-1) composite?
True
Let n(v) be the first derivative of 7*v**2/2 + 50*v - 50. Let d be n(-8). Let s(q) = -254*q - 27. Is s(d) a composite number?
True
Let c(v) = 122*v**3 + v - 1. Let d be (8/(-6) - (-55)/33)*33. Suppose 0 = -n - 5*o - 23, 5*o + 8 + d = -3*n. Is c(n) composite?
False
Let h be (-78)/(-273) - 336859/(-7). Suppose 14*w + h = 23*w. Is w prime?
True
Suppose 3*b + 3*p = 44322, 21220 = b - p + 6440. Is b a prime number?
False
Suppose -n + 19*n = -207198. Let x = n - -28304. Is x composite?
True
Suppose -96*g + 88*g = -408008. Is g a prime number?
True
Suppose 0 = -5*o - 5*f + 80, 4*f - 49 = -5*o + 30. Let h = 18 - o. Suppose -5*j + 260 = 5*c, -c + 3*c = h*j - 151. Is j a prime number?
False
Let r = 321 - 319. Suppose 5*b + 8*t = 7*t + 8768, 0 = -b + r*t + 1747. Is b composite?
False
Let r = -545 + 221. Let u be (-5)/10*-13*r. Let k = u - -4055. Is k composite?
False
Suppose -6*q = -2*q - 5*g - 4564, 1162 = q + 4*g. Suppose 16*u + q = 17*u. Suppose -9*n = -11*n + u. Is n composite?
True
Suppose -g + 1 = 0, -3*f = -0*f - 3*g - 56916. Is f composite?
False
Is ((-403292)/24*2)/(25/(-75)) a composite number?
False
Let b(x) = 10*x + 396*x**2 - 27*x + 15*x - 17 + 7 - 11. Is b(-8) composite?
False
Let d be 2*((-10)/4 + 4) - -2. Let z(s) = s**2 + s - 28. Let j be z(d). Suppose -4*b + 590 = j*t, 3*b = 2*b - 3*t + 140. Is b prime?
True
Let d = 15 + -10. Suppose 0 = b - 4*k - 637, -d*k + 27 = -b + 666. Suppose 2*c + b = 3399. Is c composite?
True
Suppose -5*l + 5*w + 56662 = 3*w, 33999 = 3*l - 3*w. Let s = -5234 + l. Is s a composite number?
True
Let l = 498 - 508. Is (54714/(-12) + l/4)/(-2) a composite number?
False
Suppose -7*u - 224 = -15*u. Suppose -724 = -u*b + 24*b. Is b a prime number?
True
Let f(c) = 27*c**3 + 3*c**2 - 2*c - 19. Is f(9) a composite number?
False
Is (6779 + -1)/1*(-33)/(-6) prime?
False
Let v(t) = 5*t**2 - 44*t + 32. Let s be v(8). Suppose 5*r = 11085 + 9890. Suppose b + b + 3*w - 2795 = 0, 3*b + 2*w - r = s. Is b a prime number?
True
Suppose 3*r + 28956 = -14079. Let z = r + 26308. Suppose 2*n + z = 9*n. Is n a composite number?
False
Let n be (19 + 302)*(-1)/((-6)/32). Is (4 - 7)*1 + n composite?
False
Suppose 0 = -879*z + 884*z - 6891785. Is z a prime number?
False
Is 9/(-24) - (82950075/(-24))/27 a prime number?
False
Suppose -i + 57 - 34 = 0. Suppose i*r = -16*r + 35373. Is r a composite number?
False
Let x(z) = 490*z**3 - 19*z**2 + 39*z - 125. Is x(7) prime?
False
Is 325/130*(-1775992)/(-20) a composite number?
False
Suppose 2*s - 3*f = 6*s - 537902, 4*f = -4*s + 537908. Is s a composite number?
False
Suppose -47*l - 394374 = -1984901. Is l composite?
True
Suppose -1011011 + 237385 = -7*m. Is m prime?
False
Let k(z) = 45*z**2 + 5*z - 18. Let c be k(-8). Let g be (c + -4 + -4)/1. Suppose g = 3*d - 3*v, 2*d - v - 3*v - 1866 = 0. Is d composite?
True
Is ((-1140)/(-80))/19 - 1051121/(-4) prime?
True
Suppose -10122 = 5*v - b, -1643 = v - 4*b + 389. Let x = 5275 + v. Is x prime?
True
Let t = 1155 - -5645. Suppose 28191 + t = 11*z. Is z a composite number?
False
Suppose -2*x + 785 = 7219. Let h = x + 8514. Is h composite?
False
Let r be (-8 + 2 - -72)/((-12)/(-8)). Is -311*2/16*-2*r a composite number?
True
Suppose -32658*w + 32657*w + 855667 = 0. Is w composite?
False
Suppose -85*s = -83*s - 36. Suppose -3*q - 3*q - s = 0. Is 112/21*17 - 1/q composite?
True
Suppose 0*a - 4*a - c + 78 = 0, 68 = 3*a - 4*c. Let l be 4930*((-44)/a + 3). Suppose 7*p + p = l. Is p a prime number?
False
Suppose 30 = 4*u - 2*i, -20*u + 5*i + 5 = -17*u. Suppose 11697 = u*z - 34013. Is z prime?
False
Let n(b) be the third derivative of -67*b**4/4 + 25*b**3/6 + 12*b**2 + 2. Is n(-13) prime?
False
Let w = 453745 - -231018. Is w prime?
False
Let i be 36/(-14) + 12/21. Let a be -42 + -7441 - (-3)/(-2)*i. Let v = a - -14387. Is v a composite number?
False
Let c be ((-12)/15)/2 + 81/15. Suppose 983 + 5374 = h + 2*f, -c*f + 12716 = 2*h. Is h prime?
True
Let u(k) = -85*k**3 + 7*k**2 - 8*k - 8. Is u(-3) composite?
True
Let d(l) = -2*l - 24. Let j be d(-12). Is 1646/(4 + -2) + j + -2 composite?
False
Suppose -2*a + 334816 = 130*c - 135*c, 4*c - 334870 = -2*a. Is a prime?
True
Let k = -111575 - -267964. Is k a composite number?
True
Suppose -3*d + 220 = -200. Let s be ((-1)/(-2))/((-1)/d). Let j = 49 - s. Is j composite?
True
Let q = -44517 + 99344. Is q a composite number?
True
Let c(o) = 10*o**2 - 13*o - 58. Let k be (4/(-3))/((-18)/(-27)). Let t be 5*((-85)/(-25) + (k - -2)). Is c(t) prime?
False
Let p(l) = 893*l + 272. Let d be p(-10). Let b = d + 12847. Is b composite?
True
Is (0 + -1)/((1107/(-2624589))/41) a composite number?
True
Suppose -b - 2*q - 7 = -4*b, -4*q - 3 = 5*b. Let v be (b + 0)*69*-6. Let u = 751 + v. Is u composite?
False
Let x = -379 + 377. Is x/(-20) + 1336690/100 a prime number?
True
Suppose 0 = q - 46*l + 43*l + 30, -3*l - 105 = 2*q. Is (158415/q)/(2/(-6)) a prime number?
False
Let l = 8303 - -2150. Is l composite?
False
Is ((-87)/(-27) - (-2)/(-9)) + (555835 - -35) a prime number?
False
Suppose 5*j = -4*n - 43 - 52, 3*n + 69 = -3*j. Is 1*((-313652)/n - 2/(-5)) prime?
True
Suppose 44 - 17 = -9*k. Let i be k/12 - 20/(-16). Is (-1)/((-4218)/4215 + i) a prime number?
False
Let x = 61921 + -29257. Suppose -p = 23*p - x. Is p a prime number?
True
Suppose 122*b = 123*b + 4179 - 34480. Is b composite?
True
Let x be (-1)/(-7)*2 + 424/(-14). Let s = 33 + x. Suppose -3*a = s*t - 2697, -3*a + 14 - 2 = 0. Is t prime?
False
Suppose 0 = 4*v - 4, 4*q + 2*v = -v + 483. Let l = q - -259. Is l prime?
True
Let z(k) = -38*k + 46. Suppose 7*h + 72 = 4*j + 3*h, -j - 5*h - 6 = 0. Let q be z(j). Let r = 1951 + q. Is r a composite number?
True
Suppose -j - 9*j = j - 8448319. Is j composite?
False
Suppose 0 = 424*x - 428*x + 24, x + 76911 = 3*v. Is v a prime number?
True
Suppose -b = -23347 - 91012 - 112562. Is b a prime number?
False
Let w be (30/8)/((-1)/(-4)*1). Let f(n) = -26*n**3 + 11 + 0*n - w + 3*n. Is f(-3) a prime number?
False
Let i(j) = -j**3 + 11*j**2 - 9*j - 5. Let d be i(10). Suppose d*a - g + 20 = -5*g, 0 = 5*a + g + 5. Suppose a = 9*p - 4609 - 7640. Is p a prime number?
True
Let c(l) be the third derivative of 5/24*l**4 + 1/2*l**3 - 7*l**2 + 17/60*l**5 + 0*l + 0. Is c(4) composite?
True
Let n(q) = -2*q**2 - 13*q + 43. Let z be n(-8). Suppose 5*l - 14990 = -x, 18*l - 5*x = z*l - 2974. Is l a prime number?
True
Let y = -689 + 503. Let m = y - -9047. Is m a composite number?
False
Let m(o) = 53*o**2 - 8*o - 8. Let y(r) = -55*r**2 + 8*r + 8. Let j(c) = 6*m(c) + 5*y(c). Is j(-7) a composite number?
True
Is 485*((-61999)/35)/(-17) prime?
False
Suppose 3358979 - 1760034 = 17*z - 2970162. Is z prime?
True
Let x(l) = -1501*l**3 + 13*l**2 + 8*l - 3. Let z be x(-6). Suppose 0 = 41*w + 53090 - z. Is w composite?
True
Let t be (-6 - -7) + -12 - 13592. Suppose 2*r - 102030 = 7*r. Let s = t - r. Is s a prime number?
True
Is 154742/12 + (0/(-2) - 37/222) a composite number?
True
Let f be 0/(5*(-4)/20). Suppose 2*k + 7809 = -5*y + 19375, 2*k - 5*y - 11526 = f. Is k a composite number?
True
Is (-1141290)/(-20) + 5/(-2) + -3 composite?
False
Let f = 15761 - 4265. Suppose -11*p + f = p. Is p composite?
True
Let g(s) = 15025*s + 2691. Is g(20) a composite number?
True
Suppose 0 = -23*a + 19*a - 2*l + 1969830, -2*a + 984905 = -9*l. Is a composite?
True
Let b = 440029 + -305558. Is b prime?
True
Let d(a) = 6379*a + 21. Let x be d(6). Let c = -21776 + x. Is c composite?
False
Is (-2244736)/(-40) + (5 - 22/5) prime?
False
Suppose 21*d - 466998 - 1276869 + 446718 = 0. Is d prime?
False
Let m be ((-32)/(-12) + -3)*12*-1. Suppose b - 3*o = 17, -m*b + 6*o + 40 = o. Suppose -2*k + 446 = 2*y + 3*k, b*k + 952 = 4*y. Is y composite?
False
Let q be (-7)/((-42)/(-24))